9. Give p(31).
-8
Let x(p) = -8*p + 841. Give x(-57).
1297
Let o(d) = -d**2 + 22*d - 33. Give o(21).
-12
Let d(k) = -18*k**2 + 120*k + 6. Calculate d(5).
156
Let y(v) = -485*v + 80527. Determine y(166).
17
Let a(s) = 2*s**2 - 28*s - 76. Calculate a(-3).
26
Let t(n) = -7*n**2 - 352*n + 639. What is t(-52)?
15
Let l(a) = 36*a**3 - a**2 + 3*a + 5. Give l(-2).
-293
Let o(q) = 2*q**3 - 20*q**2 - 2*q + 24. Give o(10).
4
Let v(y) = 2*y**2 + 223*y + 651. Determine v(-3).
0
Let z(o) = -76*o - 3333. Determine z(-43).
-65
Let h(n) = -35*n - 88. Calculate h(3).
-193
Let z(w) = 4*w**2 + 192*w + 830. Determine z(-43).
-30
Let f(h) = -h**3 - 10*h**2 - 25*h - 12. What is f(-3)?
0
Let u(g) = -17*g**2 + 63*g + 61. Determine u(-1).
-19
Let o(s) = -133*s + 9356. Determine o(70).
46
Let c(q) = -8*q + 66. Give c(20).
-94
Let d(p) = 2*p - 187. Calculate d(19).
-149
Let k(x) = -88*x + 1403. Give k(16).
-5
Let r(h) = h**2 - 147*h + 858. Give r(6).
12
Let g(b) = -3*b**2 - 51*b - 322. Determine g(-13).
-166
Let n(f) = -f**3 - 146*f**2 - 302*f - 2044. Determine n(-144).
-28
Let v(p) = 8*p**2 + 8*p - 11. What is v(-2)?
5
Let t(w) = w**3 - 34*w**2 + 25*w - 842. Give t(34).
8
Let f(y) = -10*y + 461. What is f(46)?
1
Let d(f) = -89*f + 2099. Give d(36).
-1105
Let l(r) = -r**3 - 10*r**2 + 27*r + 108. Determine l(-11).
-68
Let y(r) = -r**2 - 4*r + 113. Determine y(9).
-4
Let p(i) = -i**3 + 58*i**2 - 458*i + 2910. Calculate p(50).
10
Let j(c) = c**3 + 5*c**2 - 185*c - 1340. Give j(-9).
1
Let f(w) = 3*w**3 + 731*w**2 - 981*w - 267. What is f(-245)?
-22
Let s(v) = v**3 + 4*v**2 - 216*v - 633. Determine s(-3).
24
Let y(n) = -n**3 + 104*n**2 - 205*n + 103. Give y(102).
1
Let j(a) = -63*a + 95. Give j(-1).
158
Let g(c) = -2973*c - 130812. Give g(-44).
0
Let p(h) = 29*h - 119. What is p(4)?
-3
Let w(p) = p**3 + 8*p**2 - 57*p - 12. What is w(-12)?
96
Let g(z) = -646*z - 9739. Give g(-15).
-49
Let d(m) = -79*m - 839. Calculate d(-11).
30
Let y(v) = -8*v**3 + 100*v**2 - 135*v + 8. What is y(11)?
-25
Let m(l) = 81*l**2 + 4778*l - 55. Calculate m(-59).
4
Let f(c) = -249*c**2 - 102588*c - 3. What is f(-412)?
-3
Let z(w) = -46*w - 254. Give z(-17).
528
Let u(v) = -2*v**3 + 255*v**2 - 990*v + 11. Give u(4).
3
Let b(d) = d - 15. Give b(21).
6
Let v(b) = b**2 + 76*b + 1127. What is v(-21)?
-28
Let g(b) = -b**3 + 116*b**2 + 352*b + 577. Give g(119).
-18
Let k(i) = -i**3 - 36*i**2 + 639*i + 105. Give k(-49).
7
Let b(q) = q**3 + 11*q**2 + q - 33. Give b(-7).
156
Let o(h) = -83*h**3 - 917*h**2 - 45*h + 15. Determine o(-11).
26
Let g(z) = -z**2 - 26*z - 141. Determine g(-19).
-8
Let t(y) = 4*y**3 - 10*y**2 + 9*y - 11. What is t(3)?
34
Let c(s) = -18*s - 444. Determine c(-24).
-12
Let f(v) = -v**3 - 86*v**2 - 142*v - 4820. Calculate f(-85).
25
Let p(n) = -3*n**2 + 23*n - 34. Determine p(9).
-70
Let s(y) = -723*y + 10116. Give s(14).
-6
Let b(u) = -u**3 + 5*u**2 - 15*u + 338. Calculate b(7).
135
Let w(z) = -z**2 + 843*z + 11997. What is w(-14)?
-1
Let m(q) = q**2 + 12*q - 4. What is m(1)?
9
Let x(l) = l**2 + 8. Give x(10).
108
Let p(l) = 1816*l + 7263. Determine p(-4).
-1
Let a(q) = 54*q + 467. Calculate a(-8).
35
Let s(v) = -2*v**3 + 120*v**2 - 230*v - 117. Calculate s(58).
-1
Let s(a) = a**3 + 2*a**2 - 35*a + 12. What is s(-7)?
12
Let j(y) = 5*y**2 - 29*y + 11. What is j(6)?
17
Let c(a) = a**3 + 49*a**2 + 90*a - 16. Give c(-2).
-8
Let z(b) = b**3 + 55*b**2 + 94*b + 2158. What is z(-54)?
-2
Let s(m) = -m**2 - 60*m - 53. Calculate s(-14).
591
Let v(q) = 1565*q + 1590. Determine v(-1).
25
Let q(d) = 2*d**3 - 29*d**2 + 19*d + 270. Determine q(13).
10
Let v(k) = 2*k**2 - 18*k + 4. What is v(11)?
48
Let s(j) = 11*j**2 + 173*j - 52. Give s(-16).
-4
Let s(c) = c**2 + 214*c + 4245. Give s(-23).
-148
Let o(m) = -m**3 - 4*m**2 + 6*m + 12. Give o(-5).
7
Let i(s) = -s**2 - 75*s - 195. Give i(-73).
-49
Let s(f) = f**2 - 229*f - 1897. Give s(-8).
-1
Let l(i) = -8*i - 32. Give l(-11).
56
Let s(h) = -446*h + 924. Calculate s(2).
32
Let a(l) = -1320*l + 39601. Calculate a(30).
1
Let z(a) = 120*a - 499. Determine z(-3).
-859
Let v(u) = -15*u - 1325. What is v(-89)?
10
Let m(r) = -8*r**2 + 366*r + 473. Determine m(47).
3
Let m(x) = x**3 + 12*x**2 + 25*x + 105. Calculate m(-11).
-49
Let l(q) = -q**2 - 27*q - 51. Give l(-31).
-175
Let q(d) = 10*d + 357. Calculate q(-22).
137
Let l(o) = o**3 - 132*o**2 - 6461*o + 169. Give l(170).
-1
Let c(p) = p**3 + 21*p**2 - 22*p - 17. Determine c(-22).
-17
Let v(u) = 1256*u + 36436. Determine v(-29).
12
Let c(x) = 569*x - 573. Give c(1).
-4
Let q(a) = 6*a**3 - 7*a**2 + 3*a - 9. Calculate q(3).
99
Let q(v) = 129*v + 50. What is q(-1)?
-79
Let u(j) = 128*j + 143. Calculate u(-1).
15
Let p(y) = 17*y + 31. Calculate p(-3).
-20
Let c(a) = -231*a - 3332. Calculate c(-15).
133
Let t(v) = -6*v**3 + 77*v**2 + 26*v - 145. What is t(13)?
24
Let t(l) = -2*l**3 - 16*l**2 - 13*l - 31. Give t(-7).
-38
Let a(c) = 27*c**2 - 6887*c + 530. Determine a(255).
20
Let n(y) = -y**2 - 1156*y + 15194. Give n(13).
-3
Let p(b) = 1228*b + 6133. Give p(-5).
-7
Let s(k) = -2089*k - 12557. Give s(-6).
-23
Let p(v) = 310*v - 2175. What is p(7)?
-5
Let c(n) = -16*n + 168. Calculate c(18).
-120
Let s(a) = -a**3 + 9*a**2 - 78*a + 1362. Determine s(12).
-6
Let z(d) = 52*d**2 + 882*d - 29. Calculate z(-17).
5
Let q(g) = 51*g + 936. Determine q(-19).
-33
Let c(l) = 86*l**2 + 14*l - 41. Calculate c(3).
775
Let t(i) = -i**2 - 5*i + 5. Calculate t(1).
-1
Let i(z) = -z**3 - 29*z**2 - 162*z - 183. What is i(-22)?
-7
Let u(s) = -s**2 + 153. Determine u(-13).
-16
Let o(z) = z**2 - 15*z - 1099. What is o(40)?
-99
Let m(h) = -48*h + 3285. What is m(68)?
21
Let n(p) = -p**3 + 15*p**2 - 50*p - 42. Determine n(10).
-42
Let x(o) = -o**3 + 5*o**2 - o - 154. What is x(0)?
-154
Let i(z) = -46*z - 1035. Calculate i(-23).
23
Let s(q) = -3*q**2 - 111*q - 304. Determine s(-3).
2
Let c(o) = -3*o**2 + 156*o + 2247. Determine c(-15).
-768
Let m(v) = 160*v - 8960. Determine m(56).
0
Let s(o) = o + 52. Determine s(-47).
5
Let j(z) = -z**3 + 12*z**2 + 111*z + 7. Calculate j(-9).
709
Let q(n) = 20*n + 638. Calculate q(-32).
-2
Let d(h) = -h**3 - 12*h**2 + 15*h + 26. Calculate d(-13).
0
Let s(u) = -1335*u + 65396. Calculate s(49).
-19
Let u(q) = 35*q + 145. What is u(-3)?
40
Let k(a) = 2*a**3 - 300*a**2 + 58. What is k(150)?
58
Let l(d) = 2*d**3 - 10*d**2 + 39*d - 203. What is l(5)?
-8
Let f(q) = q**2 - 89*q - 884. Determine f(-9).
-2
Let l(v) = -v**3 + 26*v**2 + 27*v - 73. What is l(27)?
-73
Let j(n) = -790*n - 6349. Determine j(-8).
-29
Let v(n) = n**2 - 139*n + 4512. Give v(87).
-12
Let v(w) = 2*w**3 + 237*w**2 + 3619*w + 30. Calculate v(-18).
12
Let p(f) = 132*f + 653. Determine p(-5).
-7
Let p(i) = 4*i**2 + 22*i - 110. Give p(3).
-8
Let b(d) = -37617*d - 225705. Calculate b(-6).
-3
Let q(j) = -182*j**3 + 3*j**2 - 112*j - 114. Calculate q(-1).
183
Let x(b) = -b**3 + 19*b**2 - 2*b - 2. Calculate x(19).
-40
Let j(y) = 376*y - 9042. What is j(24)?
-18
Let l(i) = -24*i**2 + 362*i - 1085. Determine l(11).
-7
Let l(j) = j**3 - 17*j**2 + 63*j - 34. Determine l(12).
2
Let k(h) = -2*h**2 + 37*h - 212. Give k(6).
-62
Let u(s) = -101*s - 522. Calculate u(-5).
-17
Let c(n) = 307*n**2 - 4604*n - 8. Calculate c(15).
7
Let z(j) = -j**2 - 4*j + 397. Determine z(16).
77
Let r(m) = 5*m**2 + 268*m + 1345. Give r(-48).
1
Let n(j) = 258*j - 25026. Determine n(97).
0
Let g(k) = 82*k + 536. Give g(-3).
290
Let i(k) = -26*k - 27. Calculate i(2).
-79
Let h(g) = -g**2 - 129*g - 1619. What is h(-115)?
-9
Let x(f) = 8*f**2 - 110*f + 326. What is x(6)?
-46
Let n(b) = -b**3 - 30*b**2 - 33*b - 222. What is n(-29)?
-106
Let g(a) = 6*a**2 + 67*a - 67. Give g(1).
6
Let k(b) = 22*b + 31. Give k(11).
273
Let u(v) = v**3 - 39*v**2 - 84*v + 54. Calculate u(41).
-28
Let v(j) = 8*j**2 - 71*j + 108. Give v(6).
-30
Let i(b) = -b**2 - 22*b + 310. Determine i(-31).
31
Let a(d) = 4*d**2 - 1550*d + 2316. Calculate a(386).
0
Let q(i) = 502*i + 10553. What is q(-21)?
11
Let m(l) = -l**2 - 175*l - 853. What is m(-5)?
-3
Let z(v) = 5*v**2 - 52*v + 32. Determine z(10).
12
Let m(t) = 2*t**3 - 40*t**2 + 26*t + 227. What is m(19)?
-1
Let q(k) = -4*k - 248. Calculate q(-33).
-116
Let j(z) = -73*z + 5215. Give j(71).
32
Let p(b) = 41*b**3 + 3*b**2 + 20*b - 22. Give p(1).
42
Let y(t) = t**3 - 15*